{"id":166,"date":"2023-05-01T10:07:01","date_gmt":"2023-05-01T10:07:01","guid":{"rendered":"https:\/\/stichtingbab.com\/?page_id=166"},"modified":"2023-05-01T10:07:01","modified_gmt":"2023-05-01T10:07:01","slug":"handige-links","status":"publish","type":"page","link":"https:\/\/ecstatic-taussig.108-175-11-166.plesk.page\/index.php\/handige-links\/","title":{"rendered":"Handige Links"},"content":{"rendered":"<p><strong>Hier vindt u handige links van instanties waarmee wij samenwerken.<\/strong><\/p>\n<ul>\n<li>Belastingdienst Cura\u00e7ao (<u><a href=\"https:\/\/belastingdienst.cw\/ondernemer\/\" target=\"_blank\" rel=\"noreferrer noopener\">Ondernemer &#8211; Belastingdienst<\/a><\/u>)<\/li>\n<li>Sociale Verzekeringsbank (<u><a href=\"https:\/\/svbcur.org\/\" target=\"_blank\" rel=\"noreferrer noopener\">Home &#8211; SVB Cura\u00e7ao<\/a><\/u>)<\/li>\n<li>Douane Cura\u00e7ao (<u><a href=\"https:\/\/douane.cw\/\" target=\"_blank\" rel=\"noreferrer noopener\">Douane Cura\u00e7ao<\/a><\/u>)<\/li>\n<\/ul>\n","protected":false},"excerpt":{"rendered":"<p>Hier vindt u handige links van instanties waarmee wij samenwerken. Belastingdienst Cura\u00e7ao (Ondernemer &#8211; Belastingdienst) Sociale Verzekeringsbank (Home &#8211; SVB Cura\u00e7ao) Douane Cura\u00e7ao (Douane Cura\u00e7ao)<\/p>\n","protected":false},"author":1,"featured_media":368,"parent":0,"menu_order":0,"comment_status":"closed","ping_status":"closed","template":"","meta":{"footnotes":""},"class_list":["post-166","page","type-page","status-publish","has-post-thumbnail","hentry"],"_links":{"self":[{"href":"https:\/\/ecstatic-taussig.108-175-11-166.plesk.page\/index.php\/wp-json\/wp\/v2\/pages\/166","targetHints":{"allow":["GET"]}}],"collection":[{"href":"https:\/\/ecstatic-taussig.108-175-11-166.plesk.page\/index.php\/wp-json\/wp\/v2\/pages"}],"about":[{"href":"https:\/\/ecstatic-taussig.108-175-11-166.plesk.page\/index.php\/wp-json\/wp\/v2\/types\/page"}],"author":[{"embeddable":true,"href":"https:\/\/ecstatic-taussig.108-175-11-166.plesk.page\/index.php\/wp-json\/wp\/v2\/users\/1"}],"replies":[{"embeddable":true,"href":"https:\/\/ecstatic-taussig.108-175-11-166.plesk.page\/index.php\/wp-json\/wp\/v2\/comments?post=166"}],"version-history":[{"count":0,"href":"https:\/\/ecstatic-taussig.108-175-11-166.plesk.page\/index.php\/wp-json\/wp\/v2\/pages\/166\/revisions"}],"wp:featuredmedia":[{"embeddable":true,"href":"https:\/\/ecstatic-taussig.108-175-11-166.plesk.page\/index.php\/wp-json\/wp\/v2\/media\/368"}],"wp:attachment":[{"href":"https:\/\/ecstatic-taussig.108-175-11-166.plesk.page\/index.php\/wp-json\/wp\/v2\/media?parent=166"}],"curies":[{"name":"wp","href":"https:\/\/api.w.org\/{rel}","templated":true}]}}